{"id":251985,"date":"2025-04-22T16:09:30","date_gmt":"2025-04-22T14:09:30","guid":{"rendered":"https:\/\/patchquantique-france.fr\/?post_type=product&#038;p=251985"},"modified":"2026-05-01T20:15:27","modified_gmt":"2026-05-01T18:15:27","slug":"parche-quantum-allevi8-pro-3-bolsillos","status":"publish","type":"product","link":"https:\/\/patchquantique-france.fr\/es\/patch-quantique-allevi8-pro-3-pochettes\/","title":{"rendered":"Parche cu\u00e1ntico Allevi8 Pro - 3 bolsillos"},"content":{"rendered":"<h2>\u00bfC\u00f3mo se utiliza el parche cu\u00e1ntico Allevi8 Pro para obtener alivio?<\/h2>\n<h3>Las zonas dolorosas, pero no solo eso...<\/h3>\n<p>Lo primero que hay que hacer es colocar el parche Allevi8 Pro sobre la zona dolorida. Puede ser una zona tendinosa, como los codos, las rodillas, las pantorrillas... y esta pr\u00e1ctica suele resultar eficaz en la mayor\u00eda de los casos. Si se padecen varias contracturas en diferentes lugares, puede ser \u00fatil cortar el parche Allevi8 Pro y colocar las partes obtenidas sobre las diferentes zonas doloridas.<\/p>\n<figure id=\"attachment_241104\" aria-describedby=\"caption-attachment-241104\" style=\"width: 300px\" class=\"wp-caption alignnone\"><img decoding=\"async\" class=\"wp-image-241104 size-medium\" src=\"https:\/\/patchquantique-france.fr\/wp-content\/uploads\/2022\/04\/tendons_du_bras-300x147.jpg\" alt=\"el parche cu\u00e1ntico en los tendones del brazo\" width=\"300\" height=\"147\" title=\"\" srcset=\"https:\/\/patchquantique-france.fr\/wp-content\/uploads\/2022\/04\/tendons_du_bras-300x147.jpg 300w, https:\/\/patchquantique-france.fr\/wp-content\/uploads\/2022\/04\/tendons_du_bras-96x47.jpg 96w, https:\/\/patchquantique-france.fr\/wp-content\/uploads\/2022\/04\/tendons_du_bras-42x21.jpg 42w, https:\/\/patchquantique-france.fr\/wp-content\/uploads\/2022\/04\/tendons_du_bras-60x29.jpg 60w, https:\/\/patchquantique-france.fr\/wp-content\/uploads\/2022\/04\/tendons_du_bras-480x234.jpg 480w, https:\/\/patchquantique-france.fr\/wp-content\/uploads\/2022\/04\/tendons_du_bras.jpg 600w\" sizes=\"(max-width: 300px) 100vw, 300px\" \/><figcaption id=\"caption-attachment-241104\" class=\"wp-caption-text\">Fuente de la imagen: <a href=\"https:\/\/www.larousse.fr\/\" target=\"_blank\" rel=\"noopener\">Larousse<\/a><\/figcaption><\/figure>\n<h3>Los 12 meridianos de la medicina tradicional china<\/h3>\n<p>A veces, puede resultar m\u00e1s eficaz colocar el parche seg\u00fan los meridianos utilizados en la medicina tradicional y por los acupuntores. Hay 12 en total. Los meridianos se definen como \u201ccorrientes de energ\u00eda\u201d que funcionan en pareja y conectan los \u00f3rganos entre s\u00ed. Recorren el cuerpo humano como \u201cl\u00edneas el\u00e9ctricas\u201d desde las manos hasta los pies. Estos haces de energ\u00eda atraviesan puntos espec\u00edficos conectados con los \u00f3rganos. De este modo, es posible, por ejemplo, actuar sobre un \u00f3rgano desde uno de estos puntos, aunque a veces se encuentre lejos.<\/p>\n<h3>6 meridianos en la mano y 6 en el pie<\/h3>\n<p>Los 12 meridianos se dividen en dos categor\u00edas: los meridianos Yin y los meridianos Yang. Estos conceptos de Yin y Yang se conocen desde hace m\u00e1s de 2000 a\u00f1os, y probablemente desde antes, ya que aparecen en los primeros textos chinos.<\/p>\n<ul>\n<li>El Yin: generalmente asociado con la feminidad, la humedad, la oscuridad, el agua que fluye. Es <strong>la energ\u00eda potencial.<\/strong><\/li>\n<li>El Yang: asociado con lo masculino, el fuego y la luz, es <strong>la energ\u00eda cin\u00e9tica <\/strong>(energ\u00eda del movimiento).<\/li>\n<\/ul>\n<p>Es importante comprender que estos conceptos no son fijos ni opuestos. Cada d\u00eda, lo que estaba ba\u00f1ado por la luz se ve sumergido en la oscuridad y viceversa. La idea es que todo es movimiento, desde el \u00e1tomo hasta la galaxia gigante. <a href=\"https:\/\/fr.wikipedia.org\/wiki\/M%C3%A9ridien_en_m%C3%A9decine_traditionnelle_chinoise\" rel=\"nofollow noopener\" target=\"_blank\">Para saber m\u00e1s sobre los meridianos<\/a>.<\/p>\n<h3>Restablecer la buena circulaci\u00f3n de la energ\u00eda en el cuerpo<\/h3>\n<p>Este es el principio fundamental de la medicina tradicional china y tambi\u00e9n la funci\u00f3n del parche cu\u00e1ntico. Desbloquear y relajar. Permitir que la energ\u00eda circule libremente e \u201cirrigue\u201d todas las partes y \u00f3rganos del cuerpo. Las ondas de forma del parche Allevi8 Pro, combinadas con las <a href=\"https:\/\/patchquantique-france.fr\/es\/los-3-principios-activos-del-parche-allevi8-pro-quantum\/\" target=\"_blank\" rel=\"noopener\">principios activos vegetales<\/a> impregnadas en el coraz\u00f3n de la fibra fueron creadas por el Dr. Minsoo Kim con este mismo fin.<\/p>\n<h3>\u00d3rganos en \u201cd\u00fao\u201d<\/h3>\n<p>En la medicina tradicional china, los \u00f3rganos funcionan por pares: ri\u00f1\u00f3n-vejiga, bazo-est\u00f3mago, intestino delgado-coraz\u00f3n, h\u00edgado-ves\u00edcula biliar, intestino grueso-pulmones. Por lo tanto, es posible aliviar el nervio ci\u00e1tico actuando sobre la vejiga. No dude en consultar a su acupuntor para utilizar el parche cu\u00e1ntico allevi8 pro en un meridiano.<\/p>\n<h3>Parches Allevi8 Pro: contraindicaciones<\/h3>\n<p>No hay ninguna contraindicaci\u00f3n general para el uso del parche cu\u00e1ntico Allevi8 Pro, sin embargo, si tiene intolerancia conocida al ginseng, el jengibre y la capsaicina (pimiento rojo), pruebe primero con un peque\u00f1o trozo de parche en un brazo o una pierna.<\/p>\n<h3>Parche Quantum: efectos secundarios<\/h3>\n<p>En los primeros d\u00edas tras la aplicaci\u00f3n del parche, es posible que aparezca un ligero enrojecimiento en la piel. Por lo general, desaparece al cabo de unos d\u00edas. Si es necesario, cambie la posici\u00f3n del parche. Si nota un hormigueo en un m\u00fasculo u \u00f3rgano que le causaba dolor, es una buena se\u00f1al, ya que se trata de lo que se conoce como \u201cdolores de curaci\u00f3n\u201d. Cambie la ubicaci\u00f3n del parche unos cent\u00edmetros cada 48 horas, cuando tenga que cambiarlo. Beba m\u00e1s agua cada d\u00eda, al menos 1,5 litros. Si estas molestias persisten, p\u00f3ngase en contacto con nosotros en el 09 82 27 56 13.<\/p>\n<h3>Con el parche cu\u00e1ntico Allevi8 Pro<\/h3>\n<p>Recibir\u00e1 un prospecto con consejos basados en estos principios, as\u00ed como una ficha de seguimiento que es importante rellenar a diario para medir los progresos o cambios que nota en su organismo despu\u00e9s de haber aplicado el parche en diferentes zonas. Para reforzar la acci\u00f3n del parche cu\u00e1ntico allevi8 pro, tambi\u00e9n puede utilizar los <a href=\"https:\/\/patchquantique-france.fr\/es\/pedido-quantum-patch-allevi8pro\/parche-quantum-allevi8-pro-plus-placa-de-energia-tesla\/\">Placas de energ\u00eda Tesla<\/a>.<\/p>\n<h3>P\u00e1ginas \u00fatiles para utilizar el parche Allevi8 Pro<\/h3>\n<ul>\n<li><a href=\"https:\/\/patchquantique-france.fr\/es\/allevi8-pro-puede-mejorar-tu-bienestar\/\">C\u00f3mo puede mejorar su bienestar el parche cu\u00e1ntico Allevi8 Pro<\/a> (los ingredientes activos del parche)<\/li>\n<li><a href=\"https:\/\/patchquantique-france.fr\/es\/colocacion-correcta-del-parche-allevi8-pro\/\">Colocar correctamente el parche cu\u00e1ntico Allevi8 Pro<\/a><\/li>\n<li><a href=\"https:\/\/patchquantique-france.fr\/es\/informacion-sobre-los-parches-allevi8-pro\/\">El parche cu\u00e1ntico Allevi8 Pro para animales<\/a><\/li>\n<li><a href=\"https:\/\/patchquantique-france.fr\/es\/informacion-sobre-los-parches-allevi8-pro\/\">El parche Allevi8 Pro: aromaterapia<\/a><\/li>\n<\/ul>\n<h3>Advertencia<\/h3>\n<p>Los t\u00e9rminos utilizados en este contexto, tales como \u201ccirculaci\u00f3n de energ\u00eda\u201d, \u201ccorrientes de energ\u00eda\u201d, \u201cYin y Yang\u201d y \u201cmeridianos\u201d, no est\u00e1n reconocidos en absoluto por la ciencia oficial, ya que su existencia nunca ha sido demostrada hasta la fecha. Se trata de conocimientos emp\u00edricos y cada uno debe informarse para formarse su propia opini\u00f3n. En ning\u00fan caso el uso de un parche cu\u00e1ntico Allevi8 Pro exime de consultar a su m\u00e9dico ante la m\u00e1s m\u00ednima duda sobre un dolor persistente u otro problema. <strong>Nunca interrumpa un tratamiento m\u00e9dico en curso sin consultar a su m\u00e9dico.<\/strong>.<\/p>","protected":false},"excerpt":{"rendered":"<p>El famoso parche cu\u00e1ntico natural Allevi8 Pro 100% del doctor Minsoo Kim. 3 sobres de 15 parches para 3 meses de uso.<br \/>\n<strong>A partir del 15 de octubre, hay 2 opciones disponibles<\/strong> :<\/p>\n<ol>\n<li><strong>Comprar en el sitio web de Patch Quantique France<br \/>\n\u2013 <\/strong>Entrega desde Breta\u00f1a en 2-3 d\u00edas<br \/>\n- Folleto explicativo en franc\u00e9s + hoja de seguimiento suministrados<br \/>\n- Pago en euros<br \/>\n- Pago en 3 plazos gratuitos<br \/>\n- Atractivo programa de fidelizaci\u00f3n<\/li>\n<li><strong>Compre directamente al fabricante en la tienda BEPIC<\/strong><br \/>\n- Entrega en 5-6 d\u00edas<br \/>\n- Sin folleto explicativo<br \/>\n- Pago en USD<br \/>\n- S\u00f3lo pago en efectivo<br \/>\n- Sin programa de fidelizaci\u00f3n<\/li>\n<\/ol>\n<div><strong>Este pack incluye de regalo una placa Tesla de energ\u00eda oscura (ondas electromagn\u00e9ticas especiales, valorada en 29 euros).<\/strong><\/div>","protected":false},"featured_media":252016,"template":"","meta":[],"product_brand":[],"product_cat":[17],"product_tag":[28,27,29,26],"class_list":{"0":"post-251985","1":"product","2":"type-product","3":"status-publish","4":"has-post-thumbnail","6":"product_cat-patch-quantique","7":"product_tag-allevi8-pro","8":"product_tag-minsoo-kim","9":"product_tag-patch-douleur","10":"product_tag-patch-quantique","12":"first","13":"instock","14":"sale","15":"shipping-taxable","16":"purchasable","17":"product-type-simple"},"supplier_id":null,"supplier_sku":"","barcode":null,"atum_controlled":true,"out_stock_date":null,"out_stock_threshold":null,"inheritable":false,"inbound_stock":0,"stock_on_hold":0,"sold_today":0,"sales_last_days":9,"reserved_stock":0,"customer_returns":0,"warehouse_damage":0,"lost_in_post":0,"other_logs":0,"out_stock_days":0,"lost_sales":0,"has_location":false,"update_date":"2026-05-02T01:07:16","atum_locations":[],"atum_stock_status":"instock","restock_status":true,"low_stock_amount":"","sales_update_date":"2026-05-02T01:07:16","calc_backorders":null,"_links":{"self":[{"href":"https:\/\/patchquantique-france.fr\/es\/wp-json\/wp\/v2\/product\/251985","targetHints":{"allow":["GET"]}}],"collection":[{"href":"https:\/\/patchquantique-france.fr\/es\/wp-json\/wp\/v2\/product"}],"about":[{"href":"https:\/\/patchquantique-france.fr\/es\/wp-json\/wp\/v2\/types\/product"}],"version-history":[{"count":4,"href":"https:\/\/patchquantique-france.fr\/es\/wp-json\/wp\/v2\/product\/251985\/revisions"}],"predecessor-version":[{"id":254978,"href":"https:\/\/patchquantique-france.fr\/es\/wp-json\/wp\/v2\/product\/251985\/revisions\/254978"}],"wp:featuredmedia":[{"embeddable":true,"href":"https:\/\/patchquantique-france.fr\/es\/wp-json\/wp\/v2\/media\/252016"}],"wp:attachment":[{"href":"https:\/\/patchquantique-france.fr\/es\/wp-json\/wp\/v2\/media?parent=251985"}],"wp:term":[{"taxonomy":"product_brand","embeddable":true,"href":"https:\/\/patchquantique-france.fr\/es\/wp-json\/wp\/v2\/product_brand?post=251985"},{"taxonomy":"product_cat","embeddable":true,"href":"https:\/\/patchquantique-france.fr\/es\/wp-json\/wp\/v2\/product_cat?post=251985"},{"taxonomy":"product_tag","embeddable":true,"href":"https:\/\/patchquantique-france.fr\/es\/wp-json\/wp\/v2\/product_tag?post=251985"}],"curies":[{"name":"wp","href":"https:\/\/api.w.org\/{rel}","templated":true}]}}

Parche cuántico Allevi8 Pro - 3 bolsillos

<h2>¿Cómo se utiliza el parche cuántico Allevi8 Pro para obtener alivio?</h2>
<h3>Las zonas dolorosas, pero no solo eso...</h3>
<p>Lo primero que hay que hacer es colocar el parche Allevi8 Pro sobre la zona dolorida. Puede ser una zona tendinosa, como los codos, las rodillas, las pantorrillas... y esta práctica suele resultar eficaz en la mayoría de los casos. Si se padecen varias contracturas en diferentes lugares, puede ser útil cortar el parche Allevi8 Pro y colocar las partes obtenidas sobre las diferentes zonas doloridas.</p>
<figure id="attachment_241104" aria-describedby="caption-attachment-241104" style="width: 300px" class="wp-caption alignnone"><img decoding="async" class="wp-image-241104 size-medium" src="https://patchquantique-france.fr/wp-content/uploads/2022/04/tendons_du_bras-300x147.jpg" alt="el parche cuántico en los tendones del brazo" width="300" height="147" title="" srcset="https://patchquantique-france.fr/wp-content/uploads/2022/04/tendons_du_bras-300x147.jpg 300w, https://patchquantique-france.fr/wp-content/uploads/2022/04/tendons_du_bras-96x47.jpg 96w, https://patchquantique-france.fr/wp-content/uploads/2022/04/tendons_du_bras-42x21.jpg 42w, https://patchquantique-france.fr/wp-content/uploads/2022/04/tendons_du_bras-60x29.jpg 60w, https://patchquantique-france.fr/wp-content/uploads/2022/04/tendons_du_bras-480x234.jpg 480w, https://patchquantique-france.fr/wp-content/uploads/2022/04/tendons_du_bras.jpg 600w" sizes="(max-width: 300px) 100vw, 300px" /><figcaption id="caption-attachment-241104" class="wp-caption-text">Fuente de la imagen: <a href="https://www.larousse.fr/" target="_blank" rel="noopener">Larousse</a></figcaption></figure>
<h3>Los 12 meridianos de la medicina tradicional china</h3>
<p>A veces, puede resultar más eficaz colocar el parche según los meridianos utilizados en la medicina tradicional y por los acupuntores. Hay 12 en total. Los meridianos se definen como “corrientes de energía” que funcionan en pareja y conectan los órganos entre sí. Recorren el cuerpo humano como “líneas eléctricas” desde las manos hasta los pies. Estos haces de energía atraviesan puntos específicos conectados con los órganos. De este modo, es posible, por ejemplo, actuar sobre un órgano desde uno de estos puntos, aunque a veces se encuentre lejos.</p>
<h3>6 meridianos en la mano y 6 en el pie</h3>
<p>Los 12 meridianos se dividen en dos categorías: los meridianos Yin y los meridianos Yang. Estos conceptos de Yin y Yang se conocen desde hace más de 2000 años, y probablemente desde antes, ya que aparecen en los primeros textos chinos.</p>
<ul>
<li>El Yin: generalmente asociado con la feminidad, la humedad, la oscuridad, el agua que fluye. Es <strong>la energía potencial.</strong></li>
<li>El Yang: asociado con lo masculino, el fuego y la luz, es <strong>la energía cinética </strong>(energía del movimiento).</li>
</ul>
<p>Es importante comprender que estos conceptos no son fijos ni opuestos. Cada día, lo que estaba bañado por la luz se ve sumergido en la oscuridad y viceversa. La idea es que todo es movimiento, desde el átomo hasta la galaxia gigante. <a href="https://fr.wikipedia.org/wiki/M%C3%A9ridien_en_m%C3%A9decine_traditionnelle_chinoise" rel="nofollow noopener" target="_blank">Para saber más sobre los meridianos</a>.</p>
<h3>Restablecer la buena circulación de la energía en el cuerpo</h3>
<p>Este es el principio fundamental de la medicina tradicional china y también la función del parche cuántico. Desbloquear y relajar. Permitir que la energía circule libremente e “irrigue” todas las partes y órganos del cuerpo. Las ondas de forma del parche Allevi8 Pro, combinadas con las <a href="https://patchquantique-france.fr/es/los-3-principios-activos-del-parche-allevi8-pro-quantum/" target="_blank" rel="noopener">principios activos vegetales</a> impregnadas en el corazón de la fibra fueron creadas por el Dr. Minsoo Kim con este mismo fin.</p>
<h3>Órganos en “dúo”</h3>
<p>En la medicina tradicional china, los órganos funcionan por pares: riñón-vejiga, bazo-estómago, intestino delgado-corazón, hígado-vesícula biliar, intestino grueso-pulmones. Por lo tanto, es posible aliviar el nervio ciático actuando sobre la vejiga. No dude en consultar a su acupuntor para utilizar el parche cuántico allevi8 pro en un meridiano.</p>
<h3>Parches Allevi8 Pro: contraindicaciones</h3>
<p>No hay ninguna contraindicación general para el uso del parche cuántico Allevi8 Pro, sin embargo, si tiene intolerancia conocida al ginseng, el jengibre y la capsaicina (pimiento rojo), pruebe primero con un pequeño trozo de parche en un brazo o una pierna.</p>
<h3>Parche Quantum: efectos secundarios</h3>
<p>En los primeros días tras la aplicación del parche, es posible que aparezca un ligero enrojecimiento en la piel. Por lo general, desaparece al cabo de unos días. Si es necesario, cambie la posición del parche. Si nota un hormigueo en un músculo u órgano que le causaba dolor, es una buena señal, ya que se trata de lo que se conoce como “dolores de curación”. Cambie la ubicación del parche unos centímetros cada 48 horas, cuando tenga que cambiarlo. Beba más agua cada día, al menos 1,5 litros. Si estas molestias persisten, póngase en contacto con nosotros en el 09 82 27 56 13.</p>
<h3>Con el parche cuántico Allevi8 Pro</h3>
<p>Recibirá un prospecto con consejos basados en estos principios, así como una ficha de seguimiento que es importante rellenar a diario para medir los progresos o cambios que nota en su organismo después de haber aplicado el parche en diferentes zonas. Para reforzar la acción del parche cuántico allevi8 pro, también puede utilizar los <a href="https://patchquantique-france.fr/es/pedido-quantum-patch-allevi8pro/parche-quantum-allevi8-pro-plus-placa-de-energia-tesla/">Placas de energía Tesla</a>.</p>
<h3>Páginas útiles para utilizar el parche Allevi8 Pro</h3>
<ul>
<li><a href="https://patchquantique-france.fr/es/allevi8-pro-puede-mejorar-tu-bienestar/">Cómo puede mejorar su bienestar el parche cuántico Allevi8 Pro</a> (los ingredientes activos del parche)</li>
<li><a href="https://patchquantique-france.fr/es/colocacion-correcta-del-parche-allevi8-pro/">Colocar correctamente el parche cuántico Allevi8 Pro</a></li>
<li><a href="https://patchquantique-france.fr/es/informacion-sobre-los-parches-allevi8-pro/">El parche cuántico Allevi8 Pro para animales</a></li>
<li><a href="https://patchquantique-france.fr/es/informacion-sobre-los-parches-allevi8-pro/">El parche Allevi8 Pro: aromaterapia</a></li>
</ul>
<h3>Advertencia</h3>
<p>Los términos utilizados en este contexto, tales como “circulación de energía”, “corrientes de energía”, “Yin y Yang” y “meridianos”, no están reconocidos en absoluto por la ciencia oficial, ya que su existencia nunca ha sido demostrada hasta la fecha. Se trata de conocimientos empíricos y cada uno debe informarse para formarse su propia opinión. En ningún caso el uso de un parche cuántico Allevi8 Pro exime de consultar a su médico ante la más mínima duda sobre un dolor persistente u otro problema. <strong>Nunca interrumpa un tratamiento médico en curso sin consultar a su médico.</strong>.</p>

<p>El famoso parche cuántico natural Allevi8 Pro 100% del doctor Minsoo Kim. 3 sobres de 15 parches para 3 meses de uso.<br />
<strong>A partir del 15 de octubre, hay 2 opciones disponibles</strong> :</p>
<ol>
<li><strong>Comprar en el sitio web de Patch Quantique France<br />
– </strong>Entrega desde Bretaña en 2-3 días<br />
- Folleto explicativo en francés + hoja de seguimiento suministrados<br />
- Pago en euros<br />
- Pago en 3 plazos gratuitos<br />
- Atractivo programa de fidelización</li>
<li><strong>Compre directamente al fabricante en la tienda BEPIC</strong><br />
- Entrega en 5-6 días<br />
- Sin folleto explicativo<br />
- Pago en USD<br />
- Sólo pago en efectivo<br />
- Sin programa de fidelización</li>
</ol>
<div><strong>Este pack incluye de regalo una placa Tesla de energía oscura (ondas electromagnéticas especiales, valorada en 29 euros).</strong></div>
